Let k be y(-8). What is the greatest common divisor of 96 and k?
32
Suppose -5*m - 5*p + 1825 = 0, 0 = 42*p - 46*p + 20. Calculate the highest common factor of m and 765.
45
Let g = 74 + -2. Let j be ((-112)/40*-10)/(1/4). Suppose 66*s = 63*s + 3*t + 66, 4*t + j = 5*s. What is the greatest common divisor of s and g?
24
Let g(c) = -57 + 73 - 97*c + 72 + 117*c. Let o be g(14). What is the greatest common divisor of 16 and o?
16
Let h be (-2 - -2)/(-1 + 0). Suppose h*s - 285 = -s + 3*b, b + 281 = s. Suppose 176*n + 992 = 208*n. What is the greatest common divisor of n and s?
31
Let v = 4578 + -2598. Calculate the greatest common divisor of 40 and v.
20
Let u(d) = d**3 - 11*d**2 - 9*d - 34. Let r be u(12). Suppose -5*v - r*a + 398 = 0, -27 - 217 = -3*v + 4*a. What is the greatest common divisor of 24 and v?
8
Let a(h) = -h**2 - 11*h - 6. Let s be a(-4). Suppose -10 = 20*z - s*z. Suppose 2 - 12 = -2*y - 4*v, -y + z = -v. Calculate the highest common factor of y and 1.
1
Let p(h) = h**3 - 5*h**2 + 3*h - 3. Let n(a) = a**3 - 10*a**2 - 8*a - 27. Let w be n(11). Let s be p(w). What is the greatest common divisor of 68 and s?
17
Suppose 2*o - 993 - 1527 = u, 14*o = -2*u + 17604. What is the highest common divisor of 68 and o?
34
Suppose -9 = -2*d + 5. Let j(i) = -4*i + i**2 - d*i + 14 + i - 3*i. Let l be j(12). What is the highest common divisor of 18 and l?
2
Let b = -255 + 260. Let l(g) = -3*g**2 + 21*g + 6. Let u be l(b). Calculate the greatest common divisor of 48 and u.
12
Let i be 4 + (15 + -5)/5. Let u(n) = -5*n**2 + 8 + i*n**2 - 12 - 2*n. Let t be u(-6). Calculate the highest common factor of 11 and t.
11
Let k(f) = 135*f + 173. Let u be k(5). What is the greatest common factor of u and 795?
53
Let h = -248 + 270. Suppose -h*o + 18*o + 76 = 0. Calculate the greatest common divisor of o and 76.
19
Let s be (4/6)/((-5)/(-645)). Let o = 113 - s. Suppose -2*j + o = -7. Calculate the greatest common factor of 17 and j.
17
Suppose 84*t - 117*t + 6821 = -1759. What is the greatest common divisor of 90 and t?
10
Suppose 2*z + 8 = 6*z. Let l(k) = 3 + 5*k - k**3 + 5*k + 6*k**z + 3*k**3 - 3*k**3. Let r be l(7). What is the greatest common divisor of r and 6?
6
Suppose -4*v + 2*r = -6*v + 54, 2*v + 5*r = 69. Let f be -7 - (2 + 3 - v). What is the highest common divisor of 300 and f?
10
Let u be 2/19 - 678/(-57). Suppose 5*w + 38 = 9*w + 2*z, 0 = z - 5. Suppose -3*s = -j - 6, -6*s - 2 = -w*s - 5*j. What is the greatest common factor of s and u?
2
Let n be -1 - 5/(-4) - (-2)/(24/127257). What is the highest common divisor of n and 21?
21
Let g(n) = n**3 + 3*n**2 - 3*n + 5. Let u be g(-3). Suppose 3*o - u = -5*d, 2 + 2 = 2*d + 2*o. What is the highest common factor of 20 and d?
4
Let k(c) = 9*c + 1. Let b be k(3). Suppose 4037 = 16*o + 885. Let r be o/1 + (13 - 14). Calculate the greatest common divisor of r and b.
28
Suppose -4*d + 6 = -2. Suppose -17*a + 750 = -2*a. Calculate the greatest common factor of a and d.
2
Let f be ((-10)/(-3))/(2/3). Suppose -v = 5*x + 1, 2*x + 10 = 4. Let p be v/(-4)*(-10)/7. Calculate the greatest common divisor of p and f.
5
Let q = -77 - -147. Let y(j) = 2*j**3 - 21*j**2 + 15*j - 22. Let p be y(10). Calculate the greatest common divisor of q and p.
14
Suppose -101*q + 161*q + 89 - 329 = 0. Calculate the greatest common factor of 2374 and q.
2
Let i be 438/24 + (-2)/8. Let n(z) be the second derivative of -z**3 - 3*z**2 + 84*z. Let g be n(-10). Calculate the greatest common divisor of i and g.
18
Suppose -7*c = 3*c - 1800. Suppose 6*v + 0 = c. Let g be (296/4)/(4 + v/(-9)). Calculate the greatest common divisor of g and 74.
37
Let b be (104/(-18))/(((-242)/(-198))/(-11)). What is the highest common factor of b and 8?
4
Let t(o) = 18 + 43*o**2 + 19*o + 18*o - 41*o**2. Let s be t(-20). Calculate the greatest common factor of s and 6.
6
Suppose 55*a = 76493 + 67717. Calculate the highest common factor of 76 and a.
38
Let j(f) = 12*f**2 + 520*f + 381. Let m be j(-43). Calculate the greatest common divisor of 462 and m.
11
Suppose -53*c + 43*c = -2320. Let x be (-2)/(-7) - -10*c/112. Calculate the greatest common divisor of 42 and x.
21
Let w(n) = -12*n - 64. Let y be w(-26). Suppose 2*x + y = -4*j, x + j - 54 + 178 = 0. Let t = -123 - x. Calculate the greatest common divisor of 22 and t.
1
Let w = -71 - -73. Let y be 1/2*(w - 2). Suppose -7*t + 79 - 23 = y. What is the highest common factor of t and 184?
8
Let v(d) = -9*d + 1518. Let n be v(86). What is the greatest common divisor of 168 and n?
24
Suppose 2332 - 6930 = -27*u + 7687. What is the highest common divisor of 65 and u?
65
Let r be ((1 - -1) + -566)*(-3)/(6 - 3). What is the greatest common divisor of 3572 and r?
188
Let w(n) be the third derivative of -11*n**5/60 - n**3/6 + 17*n**2. Let c be w(-2). Let z be 9/6*5/(c/(-84)). Calculate the greatest common divisor of z and 70.
14
Let a be ((-1)/((-9)/15720))/(63/189). Calculate the highest common divisor of 32 and a.
8
Let g = 37 - -75. Suppose -5*o - 106 = -2*j, -14*o = -5*j - 9*o + 295. Let d be j/6 - 10 - 62/(-4). What is the greatest common divisor of g and d?
16
Suppose -5*z - s = 0, 3*s + 23 = 3*z - s. Let i be -1*z*1*(24 + -18). Let w be i/5*425/(-51). What is the highest common divisor of 80 and w?
10
Suppose 5*c + 11898 = 3*q, -5*c + 43 - 13 = 0. What is the greatest common divisor of q and 98?
14
Let s be ((-228)/(-20) - 4)/(-11 - (-65190)/5925). Calculate the greatest common divisor of s and 37.
37
Let v(n) = 49*n + 1399. Let j be v(-28). What is the greatest common divisor of j and 1395?
9
Let w = -153 + 137. Let u = 41 - w. What is the highest common factor of 152 and u?
19
Let o(v) = -19*v**3 + v**2 + 5*v + 7. Let m be o(-2). Calculate the highest common divisor of m and 9.
9
Let z be (-33 + (-1617)/(-44))*4*13. Calculate the highest common factor of z and 533.
13
Let f be 23 - 7 - 0 - -1245. Calculate the highest common divisor of f and 97.
97
Let a = -1114 + 1919. Let q = a - 640. Calculate the highest common factor of 15 and q.
15
Let g = -10134 - -10316. What is the highest common divisor of 42 and g?
14
Let a(n) = 21*n**2 + 2*n - 84. Let s be a(-11). What is the greatest common factor of s and 20?
5
Let g(v) = -68*v. Let i be g(-1). Let f = 6544 - 6000. Calculate the greatest common factor of i and f.
68
Let s = -3608 - -3617. What is the greatest common factor of 3123 and s?
9
Let j = 1665 + 6438. Calculate the highest common factor of j and 876.
219
Suppose 3*t - 3*g - 2856 = 0, 4*t - 770*g - 3880 = -775*g. Calculate the greatest common factor of t and 1020.
60
Let h = -36 + 39. Suppose -h*a = -8*a + 20. Suppose o + 24 = 2*n, a*n - n - o = 38. Calculate the greatest common factor of n and 98.
14
Let t(c) = -12*c + 252. Let f be t(6). Suppose 933*v + f = 939*v. Calculate the highest common divisor of 720 and v.
30
Let r be 651 + 5 + (3 - 3 - (-2 - -10)). Calculate the greatest common divisor of 81 and r.
81
Suppose 0 = 26*i - 29*i + 12, 3*m + 5*i = 56. Let h = 22 + -14. What is the highest common factor of h and m?
4
Suppose 102*o + 1218 = 109*o. Suppose 9*g = 96 + o. Calculate the highest common factor of 24 and g.
6
Let l be (12*20/(-150))/(5/((-75)/2)). What is the highest common divisor of 2500 and l?
4
Let a(w) be the second derivative of 30*w**3 + 65*w**2 - w + 59. Let c be a(4). Calculate the greatest common factor of c and 50.
50
Let v = -160 + 164. Suppose -1 = -3*u + 2, -v*u = 2*q - 664. Calculate the highest common factor of 66 and q.
66
Let n = 18218 + -18207. Calculate the greatest common divisor of n and 792.
11
Let o(u) = u + 27. Let n(l) = l**3 - 3*l**2 + l - 9. Let z be n(4). Let j be o(z). What is the highest common factor of j and 38?
38
Let y(v) = 68*v - 518. Let q be y(19). Calculate the greatest common divisor of 18 and q.
18
Let l be -8 + 5 - -3 - -349. Let x = l - 162. What is the greatest common factor of 17 and x?
17
Let o = -1717 - -1897. Calculate the highest common divisor of o and 980.
20
Let v = -273 + 919. Suppose g = 4*o - 562 - v, -3*g = 0. Suppose -l - 4*p = l - o, p + 439 = 3*l. Calculate the greatest common factor of 98 and l.
49
Let x = -71 + 42. Let n = 52 + x. Let q be ((-6)/(-4))/((-15)/(-460)). What is the highest common divisor of n and q?
23
Let v(b) = -3*